at is the units digit of d?
8
Let n(p) be the third derivative of -p**2 + 0 - 1/24*p**4 + 0*p - 1/120*p**6 - 2/15*p**5 - 2/3*p**3. What is the units digit of n(-8)?
4
Let s(c) = -c**3 + 3*c**2 + c - 2. Let x be s(-3). Let i = x + -19. Suppose 6*l - l - i = 0. What is the units digit of l?
6
Let m(q) = 2*q - 26. What is the units digit of m(18)?
0
Suppose 0 = 4*x + x - 135. What is the units digit of x?
7
Let f be (8/6)/((-1)/(-3)). Let p be 1/(-1)*-1*f. What is the units digit of (-3)/2 - (-50)/p?
1
Suppose 14*b + 36 = 16*b. What is the units digit of b?
8
Let z = -4 + 4. Suppose 2*q + 0*q = -w - 18, -w - q - 15 = z. What is the tens digit of (-3)/w - (-78)/8?
1
Let d(o) = o**3 + o**2 + o + 1. Let v(x) = -4*x**3 + 5*x**2 + 7*x - 7. Let f(s) = 3*d(s) + v(s). What is the units digit of f(9)?
5
Suppose -106 = -3*p + 476. What is the units digit of p?
4
Let d = 108 + -45. What is the units digit of d?
3
What is the tens digit of 7/14 + 78/4?
2
Let a be (3 - -1)/((-1)/(-2)). Suppose 0 = -2*i - a, -3*t - 3*i = 2*t - 48. What is the units digit of t?
2
Suppose 0 = -10*a + 212 + 388. What is the units digit of a?
0
Let j(n) = -3*n + 1. Let p be j(2). Let r be 1 + (p - (2 + 1)). Let u = 18 + r. What is the tens digit of u?
1
Let y(i) = i**2 + 6*i - 4. Let f be y(-3). Let m = f - -18. What is the units digit of m?
5
Suppose 0 = -4*y + 303 - 83. What is the units digit of y?
5
Suppose 3*u = -t - 37, -3*u = -u + 5*t + 29. Let w = u - -10. Let k = 18 + w. What is the units digit of k?
6
Let m = -87 - -169. What is the tens digit of m?
8
Let x(s) = s**3 - 3*s**2 + s + 1. Let u be x(3). Suppose -u = -4*z + 36. What is the tens digit of z?
1
Suppose 5*c - 6*c = -5. Suppose -c = 3*f + 1. What is the units digit of (-14)/(-2) - 0 - f?
9
Let s(l) = -l + 3. What is the units digit of s(-6)?
9
Let b = -4 - -4. Suppose -3*o = 5*w - 25, w + b*o = -4*o + 22. What is the units digit of w?
2
Suppose -3*u - 5*p + 227 = 38, 2*u - 5*p = 101. What is the tens digit of u?
5
Let c(o) = -o**2 + 10*o - 11. Let s be c(8). Let v = 2 + s. What is the units digit of v?
7
Let f(k) = 4*k - 13. Let o be f(6). Suppose 2*t - 3*u - o - 3 = 0, -2*t = u + 2. What is the units digit of t?
1
Let g(k) = -k**3 + 14*k**2 - 11*k - 1. Let c be g(12). Suppose -c = -8*x + 3*x. Let q = -18 + x. What is the tens digit of q?
1
Let l be 0 - (-10)/((-2)/(-1)). Suppose 5*k - 2*u + 1 = 0, 1 = -3*u + 10. Suppose -2*z + 9 + k = f, 5*f = -l*z + 20. What is the units digit of z?
6
Let x(d) = d - 12. Let g be x(15). Let w = 12 - g. What is the units digit of w?
9
Let w(o) be the first derivative of o**4/24 - o**3/2 + o**2 - 2. Let i(v) be the second derivative of w(v). What is the units digit of i(10)?
7
Let m(x) = -4*x**3 - 3*x + 5*x**3 - x + 0*x - 4 - 6*x**2. What is the tens digit of m(7)?
1
Let n(s) = -5*s**2 - 7*s. Let v(b) = -4*b**2 - 7*b. Let z(i) = 3*n(i) - 4*v(i). Let k be z(-7). What is the units digit of (-4)/(-2) - k/(-3)?
2
Suppose 0 = -n + 4*n - 15, -2*n = -4*j - 2. Suppose s + 9 = 3*q - 0, -2*s + j = -q. Let u = s - 1. What is the units digit of u?
2
Let a = -2 - 7. Let h = a - -22. What is the units digit of h?
3
Let l(v) = 31*v**2 + 1. What is the tens digit of l(1)?
3
Let a = 88 - 16. What is the tens digit of a?
7
Let q = 1 + 10. Let l = q - 8. What is the units digit of l*-10*3/(-18)?
5
Let c(f) be the second derivative of 7*f**3/6 + f**2/2 + f. Suppose 2 = -u + 3. What is the units digit of c(u)?
8
Suppose 0 = 4*u - 122 - 106. What is the tens digit of u?
5
Let v(l) = l**2 + 2. Suppose d = q + 4*d - 9, -5*q = -d - 13. What is the units digit of v(q)?
1
Suppose m = 2*x, 0*x = x. Suppose -5*u + 0*u + 25 = m. Suppose -u*t + v + v + 34 = 0, v - 11 = -t. What is the units digit of t?
8
Let i = 9 - 6. Suppose 0 = -8*q + i*q + 90. What is the tens digit of q?
1
Let v = -1 + -3. Let s(p) = -p**3 + 5*p**2 - 3*p - 5. Let b be s(4). What is the units digit of (-2 - v - 0) + b?
1
Let g(r) = 3*r**2 + r - 2. What is the hundreds digit of g(6)?
1
Let s = 52 + -36. Let o = s + -10. What is the units digit of o?
6
What is the units digit of 264*((-2)/(-5))/(8/10)?
2
Let t be 2/(14/4 + -3). Suppose -2*g = -3*p + 34, 4*g + 73 = t*p + 21. What is the units digit of p?
8
Let x = 61 + 204. What is the hundreds digit of x?
2
Suppose -2*w - w = -96. What is the tens digit of w?
3
Let n = 5 - -2. Let q be 37/(-4) - (-2)/8. What is the units digit of n - 0*3/q?
7
Let w(a) = 4*a - 2. Let n be w(2). Let l = 2 + n. What is the units digit of l?
8
Let t(k) = -k**2 - 23*k - 14. Let l be t(-11). Suppose 2*p = 4*o - l, -o + 9 = p - 16. What is the units digit of o?
8
Let l be 2 + (1 - 0) + -1. Suppose 2 + 8 = -l*g. Let q = g + 6. What is the units digit of q?
1
Suppose -2*c + 0*c = 0. Suppose u + n - 14 = 0, c*n = -4*u + 4*n + 80. What is the units digit of u?
7
Suppose -q = -4*q - 72. Let o be (-3)/(-5) - q/10. Let n(m) = m. What is the units digit of n(o)?
3
What is the tens digit of (-20)/(-6)*(-4 + 13)?
3
Suppose -48 = 2*a + 10. Let b = -9 - a. What is the tens digit of b?
2
Suppose w + 2*x = -w + 78, -w + 3*x = -51. What is the units digit of w?
2
Let y(x) = 2*x**2 + 2*x + 1. Let d be y(2). Let t = 5 + 3. Let o = d - t. What is the units digit of o?
5
Let y(t) = -t**3 + 7*t**2 - 4*t - 8. Let b be y(6). Suppose -b*a + 12 = 4. Suppose -m + a = z - 0, 3*z + 4*m - 1 = 0. What is the units digit of z?
7
Let b(l) = l**2 - 2*l - 1. Let p(g) = g**3 - g**2 - 2*g + 2. Let y be p(2). Let w be ((-18)/3)/(-3) + y. What is the units digit of b(w)?
7
Suppose 5*r = -5*l + 485, 0 = 3*r + 3*l - 7*l - 291. What is the tens digit of r?
9
Let n be 3 - ((2 - 3) + -8). Let r = n - 8. What is the units digit of r?
4
Let j be 1887/21 - (-5)/35. Suppose -3*b + 0*b = -j. What is the units digit of b?
0
Let q = -3 - -9. Suppose -2*i = l - 9, -2*l = -i - q*l - 6. What is the units digit of i?
6
What is the tens digit of (6/8)/(4542/648 - 7)?
8
Let s = 394 + -90. What is the tens digit of s?
0
Let i(a) = 5*a**3 + 4*a**2 - 5*a + 4. Let x(f) = -11*f**3 - 8*f**2 + 11*f - 8. Let t(b) = -13*i(b) - 6*x(b). What is the tens digit of t(5)?
1
Let p(i) = 3 + 5*i**3 - 4*i**3 + 0. Suppose -4*d = -6*d. What is the units digit of p(d)?
3
Let w(z) = z**2 + 2*z + 1. Suppose -3*b + 2*c = -5 - 7, -4*b + 5 = c. What is the units digit of w(b)?
9
Let d be (-1)/(10/4 - 2). Suppose 3 = -o + 2*o. Let p = o + d. What is the units digit of p?
1
Suppose -1065 = -77*j + 72*j. What is the hundreds digit of j?
2
Let s be 2 - (-5 + 2/2). Suppose -s*y + 3*y - 3*i = 3, 4*i = -2*y. What is the units digit of y/(-4) + (-3)/(-2)?
2
What is the units digit of 2 + -16*(-3)/6?
0
Suppose -52*w = -48*w - 268. What is the units digit of w?
7
Suppose 4*t + 4*a = 28, 2*t + a - 9 - 6 = 0. Let s(j) = -j + 11. What is the units digit of s(t)?
3
Suppose -3*z - 952 = -7*z. What is the hundreds digit of z?
2
Let j(u) = 2*u + 1. Let l be j(1). Suppose -4*k = -l*k. Suppose h + k*h = 1. What is the units digit of h?
1
Let u be (-20)/(-12) + 3/9. Suppose 5*w = -5*m + 55, -2*m - u*m + 20 = 0. What is the units digit of w?
6
Let x = 10 - 7. Suppose -38 = -x*v + v. What is the tens digit of v?
1
Suppose 3*i - 8*f - 296 = -4*f, 3*i + 3*f = 324. What is the hundreds digit of i?
1
Let d(f) = 10*f - 38. What is the units digit of d(7)?
2
Let b be -2*1/2*-1. What is the units digit of 4 + 2 + b/(-1)?
5
Suppose i + i = 8. Suppose 5*k - i*k = d + 17, -k + 4*d = -32. What is the tens digit of k?
1
Suppose -14*q = -18*q. Suppose -3*r - y + 22 = q, 0 = -y + 3*y + 4. What is the units digit of r?
8
What is the units digit of (0 + -3)*(9 + -10)?
3
Let d = -92 - -59. Let q = 55 + d. What is the tens digit of q?
2
Let z(l) = -2*l**2 - 2*l**3 - l + 6*l + 0*l**2 + 4. What is the tens digit of z(-3)?
2
Let f(u) = 5*u**3 + u**2 + 3*u - 1. Let x(s) = 11*s**3 + s**2 + 6*s - 3. Let l(a) = 9*f(a) - 4*x(a). What is the units digit of l(-4)?
7
What is the units digit of -28*6/4*-1?
2
Let k = -1 + 4. Suppose -5*b - 85 = -5*h, -5*h - k*b + 61 = -0*b. What is the units digit of h?
4
Suppose -681 + 39 = -3*n. What is the units digit of n?
4
Let g(a) = -10*a + 1. Let q be g(1). Let k = q - -15. What is the units digit of 1*(k + -2)*2?
8
Let b(h) = h**3 + 4*h**2 - 5*h + 4. Let f be b(-5). Suppose -3*a = -3 - 6. Suppose -f*v 